 q(v) = -2*v + 4. Give q(i).
16
Let s(j) = 2*j + 4. Let l(c) = 0*c - 2*c - c + 2*c - 2. Let x be l(-7). Suppose 0 = x*r + 10 + 10. Calculate s(r).
-4
Let k(a) = -8*a - 71. Let i be k(-8). Let m(h) = 3*h + 17. Give m(i).
-4
Let w(r) be the third derivative of r**4/12 - 2*r**3/3 + r**2. Let h be (-1 - (-1380)/(-28)) + 4/14. Let n be 5*(-15)/h*20/6. Calculate w(n).
6
Let q be 2/3 - (-114)/18. Suppose -5*p = q - 2. Let x be (p - -3) + -1 + 2. Let i(t) = -t**3 + 3*t**2 + t + 2. Determine i(x).
5
Suppose 2*m - 67 = -27. Let w(v) = -10 + m - 6 - v. Determine w(0).
4
Let n(u) = u**3 + 5*u**2 - u + 7. Suppose -8*g + 152 - 200 = 0. What is n(g)?
-23
Let f = 171 + -84. Let t = f - 62. Suppose t = g + 4*g. Let z(b) = -b + 5. Calculate z(g).
0
Let p(b) = -2*b**2 - 2*b - 4*b**2 - 9*b**3 + 10 + 8*b**3 + 2*b**3. Determine p(6).
-2
Suppose -3*o = -2*w + 25, 6*o = 11*o + 4*w + 49. Let h(m) = -m**2 - 8*m + 3. Determine h(o).
-6
Suppose -2*b + 3 + 1 = 0. Let c be b + (13 - 0) + -1. Let z(a) = -c + 9*a + 5 + 3*a**2 + 3*a**2 - a**3. What is z(7)?
5
Let y = 51 - 46. Suppose -v = -y*f + 24, 4*v = -5*f + 4 - 0. Let q(a) = -a**3 - 4*a**2 + 2*a + 2. Determine q(v).
-6
Let l(b) be the first derivative of -5*b**4/4 - b**3 - b**2 + 2*b - 610. Calculate l(-2).
34
Suppose -27*z - 52 = -31*z. Let m(b) = -b + 18 + z - 45. Determine m(-6).
-8
Let s(w) = w**3 + w**2 - 2*w + 1. Let q be s(0). Let h(v) = 6*v**2 + 2*v - 1. Let c(l) = -l**2. Let n(d) = -5*c(d) - h(d). What is n(q)?
-2
Let f be (2 - (-10)/(-15)) + (-8)/(-12). Let m(c) = -c**3 + 6*c - 5. Calculate m(f).
-1
Suppose -2*u + 179 = -b, u + 2*b - 44 = 43. Let z(v) = u - v**3 - 97 - v**2 + 2*v**2. Determine z(0).
-8
Suppose y + 3*p - 15 = -2*y, 0 = 4*y - 2*p - 8. Let j(a) = -a**2 - 3*a**3 - 3*a + 0*a + y*a**3 + a**3 + 1. Calculate j(2).
-1
Let i(x) = -16*x + 4*x - 56*x**2 + 26*x**2 - 2 - 17 + 28*x**2. Give i(-4).
-3
Let h = -78 - -102. Suppose -h = 19*g - 25*g. Let q(w) = w**3 - 4*w**2 + 3*w - 6. What is q(g)?
6
Let q(j) = -j**3 + 8*j**2 - 7*j - 3. Let p(a) = -a**2 - 14*a + 17. Let t be p(-7). Let u be 4/10 - t/(-10). Determine q(u).
-3
Let x be 2 + (0 - 0) + 0. Suppose 0 = x*l - 5*z, 4*z = -2*l - 3*l. Let h(b) = 2 - 4*b + l*b + 2*b. Give h(-6).
14
Let f(k) = -4*k**3 - 10*k**2 + 5*k + 3. Let i(o) = -o**3 + o. Let p(u) = -f(u) + 5*i(u). Suppose 2*a = 3*w - 0*w + 35, 3*a - 25 = -w. What is p(a)?
-3
Suppose 20 = -5*s, 4 = -4*b + 5*s + 52. Suppose -o = b*o + 16. Let i(t) = 6*t. Give i(o).
-12
Suppose m - 4*l = -2*l, -2*l - 6 = 0. Let d = 3 - 8. Let p = m - d. Let v(f) = -4*f**3 - 1. Determine v(p).
3
Let t(b) = -b - 10. Let g(o) = 2*o + 19. Suppose 4*z = y - 1, 0 = -y + 3*z + 2 - 0. Suppose y*h - 10 = 3*h. Let u(m) = h*t(m) + 3*g(m). Give u(-5).
2
Suppose s + 4*s - 28 = -2*b, 0 = s + 3*b - 3. Let l(w) = -6*w - 2 + w**3 - 5*w**2 + 2 + 1. Give l(s).
1
Let m(t) be the first derivative of 3*t**2/2 - 11*t - 9. Calculate m(7).
10
Let u = -16 + 19. Let w(j) = -u*j - 8*j + 9*j. Determine w(-4).
8
Let w(o) = -2*o**2 - 1 + o**3 - o + 1. Let g(q) = 5*q**2 + 56*q + 62. Let d be g(-10). What is w(d)?
-2
Let c(y) be the second derivative of -y**7/2520 + y**6/720 + y**5/120 - 5*y**4/12 + 11*y. Let p(i) be the third derivative of c(i). What is p(1)?
1
Let s(o) be the second derivative of o**3/6 + 3*o**2/2 + 5*o. Let x(y) = 11*y. Let f be x(1). Let k = 7 - f. Give s(k).
-1
Let j(r) = 3*r + 11. Let f(t) = t + 1. Let x(m) = 4*f(m) - j(m). Let c = 27 + -45. Let k be 12/(-54) - 58/c. Calculate x(k).
-4
Let r(i) be the second derivative of i**5/20 + i**4/3 - i**3/2 - i**2 + 2*i - 43. What is r(-4)?
10
Let r(n) = n**2 + 4*n - 4. Suppose 3*a = -a + 2*g - 26, -3*g = 5*a + 16. What is r(a)?
1
Let u(j) = 10*j**2 + 189*j - 11. Let a be u(-19). Let c(q) be the second derivative of 0 + 1/6*q**3 + a*q - 1/2*q**2. Calculate c(-4).
-5
Let h be 180/28 + (-6)/(-63)*6. Let c(d) = d**2 - 7*d - 9. Determine c(h).
-9
Let h(r) be the second derivative of r**5/20 - r**2/2 - 124*r. What is h(3)?
26
Let n be (0 - 5)*(-2)/10. Let r(v) = -28 - 23 + 12*v + 52. Give r(n).
13
Let z = -21 - -19. Let k be -1*34/2 - z. Let b = 16 + k. Let j(f) = 3*f**2 + f - 1. Calculate j(b).
3
Let v be ((-27)/(-36))/(1/(-4)). Let o be (1/v)/(17/(-153)). Let w(x) = -x**3 + 2*x**2 - x + 1. Give w(o).
-11
Let d(u) be the first derivative of u**3/6 + 6*u**2 - 5*u + 4. Let h(g) be the first derivative of d(g). Let a = -36 + 29. What is h(a)?
5
Let b(t) be the first derivative of -t**2 + 21*t - 204. Determine b(6).
9
Let m(g) = 4*g**3 - 9*g**2 - 2*g + 3. Let l(b) = 3*b - 10. Let y be l(3). Let d(c) = c**3 - c**2 - c + 1. Let p(i) = y*m(i) + 3*d(i). Let h = 4 + 2. Give p(h).
-6
Let z(r) = -25*r**2 - 3*r - 28. Let v(y) = -9*y**2 - 2*y - 9. Let d(q) = 11*v(q) - 4*z(q). What is d(7)?
-8
Let u(x) = 8*x - 5. Suppose -73 = -n - 78. Determine u(n).
-45
Let l be 2/7 + (-2)/7. Suppose l = -c - 0*c + 3. Let p(i) = i**2 + 2*i - 4*i**2 + 2 + i**3 - c*i**2. Give p(5).
-13
Let c(f) = -f**3 + 2*f**2 + 3*f + 4. Let h be -6*(12/8 + -1). Let d = h - -1. Let s be ((-21)/(-35))/(d/(-10)). Calculate c(s).
4
Let u(n) = -6*n**2 - n - 2. Let b(h) = -h**3 + 12*h**2 + 31*h - 32. Let w be b(14). Suppose 0 = 4*g - w + 18. Determine u(g).
-24
Suppose 2*w = 5*l + 6 + 14, -8 = w + 2*l. Suppose w = -5*x + 15, 0*m - 21 = -2*m - 5*x. Let p(y) = -2*y**2 + 3*y + 4. What is p(m)?
-5
Let i(o) = -o**3 - o**2 - 2. Let h(b) = 3*b**3 + 13*b**2 - 8*b + 15. Let y(u) = h(u) + 4*i(u). Determine y(8).
7
Let k(z) = -3*z**2 + 5*z - 2*z**2 + 0*z + 6*z**2. Let n = -212 + 207. Determine k(n).
0
Let m(f) = -f - 91*f**3 - 3 - 8*f**3 + 100*f**3. Determine m(-2).
-9
Let b(h) = -4*h**3 - 154*h**2 - 72*h + 152. Let n be b(-38). Let j(x) be the second derivative of x**4/12 + 17*x**2/2 - x. Give j(n).
17
Let j(h) = -5 + 6 + 7 + 6*h**2 + 2*h + h**3. Suppose -30 = -7*n + 2*n. Let k(u) = u**2 - 6*u - 6. Let b be k(n). Determine j(b).
-4
Let w = -63 - -57. Let b(n) be the third derivative of -n**6/360 - n**5/60 - n**4/12 - 4*n**2. Let k(l) be the second derivative of b(l). Determine k(w).
10
Let l = 0 + 3. Let i(f) be the third derivative of 0 + 0*f + 1/2*f**3 + 1/120*f**6 + 21*f**2 - 1/30*f**5 + 0*f**4. What is i(l)?
12
Let s(l) = -2*l**2 + l - 1. Let w = -174 - -178. Calculate s(w).
-29
Let s(n) = -n**3 + n**2 + 2*n + 1. Suppose 10 + 6 = 4*y. Suppose 3*j + 18 = -3*d, -y*j = 3*d + 2*d + 29. Determine s(j).
1
Suppose -4*z = -4*c - 7*z + 2, 5*c - z + 7 = 0. Let u(m) be the first derivative of m - 1/3*m**3 + 0*m**2 + 2 - 5/4*m**4. Give u(c).
5
Let n(p) = 27 - 52 + 28 - 2*p. Determine n(6).
-9
Let a(n) be the third derivative of -n**5/60 - n**4/3 + n**3 + 43*n**2. Give a(-6).
18
Let b(k) be the first derivative of -1/4*k**4 + 14 + 2*k**3 + 3*k**2 - 10*k. Determine b(7).
-17
Let v be -7*(-2)/(-4)*-2. Suppose -30 = -0*l - 5*l. Let k(d) = d**2 - 2*d + 13. Let z(h) = h + 1. Let w(y) = l*z(y) - k(y). Calculate w(v).
0
Let t(w) = 3 - 2 + w**3 - 2*w**3. Suppose 39 + 49 = 88*q. Give t(q).
0
Suppose -h + j = -9, -2*h + 9*j = 6*j - 23. Let d(k) = 2 + 2*k - 2 - 4. What is d(h)?
4
Let f be (-30)/(-4)*(-32)/(-48). Let t(h) = h - 3*h + 7 - h. What is t(f)?
-8
Let z(r) = -3*r**2 + 30*r + 4. Let v be z(10). Suppose 5*h = -5, -v*h + 6 + 10 = 5*i. Let g(t) = -3*t + 3. Determine g(i).
-9
Suppose -o + 219 = 216. Let b(v) be the third derivative of -v**4/12 - 2*v**3/3 - v**2. Give b(o).
-10
Let u(j) = 4*j - 3. Suppose 0 = 3*k - 2*b + 6 - 22, 11 = -2*k - 3*b. Suppose -2*z + 5*h = k - 6, 0 = -3*h. Give u(z).
5
Let c(h) = -h**2 - 12*h - 1. Suppose d + 4*y - 4 = 3, -4*y = 4*d + 8. Determine c(d).
34
Let p be 30*1/(0 + 2). Suppose -3 = -0*v - v, -v = 3*r - p. Let f = -3 + r. Let o(d) = -6*d - 1. Calculate o(f).
-7
Let s(d) be the second derivative of 0*d**2 + 1/720*d**6 + 6*d - 1/60*d**5 + 0 + 0*d**3 - 1/3*d**4. Let j(o) be the third derivative of s(o). What is j(-3)?
-5
Let f = 2 + -2. Let x(o) = o**2 + 10*o + 18. Let p be x(-8). Let t(h) = -1 - 14*h**2 - h**3 - h + 33*h**2 - 18*h**p. Determine t(f).
-1
Let y(o) be the first derivative of o**5/120 + 5*o**4/24 - 9*o**3 - 14. Let l(h) be the third derivative of y(h). Calculate l(-4).
1
Let g(q) = -6*q + 2. Let h be -3*3/21*7. What is g(h)?
20
Let l be 18/4 + 1/(-2). Let g(t) = -2*t + 4*t - l*t + 1. Determine g(-6).
13
Let p = 7 + -8. Sup